0
What is -110 (base 3) in base 5?
-22
Convert 6 (base 15) to base 9.
6
What is -150 (base 6) in base 13?
-51
What is 1100 (base 3) in base 8?
44
What is -139 (base 12) in base 9?
-230
Convert -4 (base 13) to base 3.
-11
2133 (base 5) to base 9
355
Convert -7 (base 16) to base 3.
-21
Convert -2 (base 8) to base 13.
-2
-4 (base 10) to base 6
-4
1 (base 6) to base 8
1
What is 2011 (base 3) in base 7?
112
What is -63 (base 9) in base 3?
-2010
Convert -1001111 (base 2) to base 9.
-87
6 (base 13) to base 16
6
What is 15 (base 11) in base 3?
121
-18 (base 16) to base 11
-22
8 (base 11) to base 6
12
What is -33 (base 11) in base 4?
-210
-2 (base 8) to base 9
-2
-4 (base 16) to base 11
-4
Convert 24 (base 6) to base 12.
14
-10 (base 2) to base 9
-2
Convert 39 (base 12) to base 13.
36
6 (base 11) to base 8
6
224 (base 7) to base 6
312
67 (base 8) to base 2
110111
What is -23 (base 7) in base 13?
-14
-25 (base 10) to base 4
-121
-120 (base 9) to base 5
-344
Convert -3 (base 7) to base 5.
-3
What is -4 (base 11) in base 14?
-4
Convert 10002 (base 3) to base 12.
6b
21 (base 3) to base 10
7
What is -1 (base 6) in base 8?
-1
37 (base 11) to base 4
220
Convert -2 (base 10) to base 2.
-10
-1 (base 15) to base 6
-1
Convert -177 (base 11) to base 15.
-da
Convert 10d (base 14) to base 3.
21202
-7 (base 16) to base 8
-7
32 (base 13) to base 9
45
Convert -c (base 15) to base 9.
-13
18 (base 13) to base 10
21
What is -145 (base 9) in base 16?
-7a
Convert 41 (base 16) to base 6.
145
Convert 0 (base 10) to base 13.
0
1 (base 12) to base 4
1
1541 (base 6) to base 15
1d1
Convert 2 (base 14) to base 7.
2
What is -a3 (base 14) in base 7?
-263
Convert 101001100 (base 2) to base 9.
408
47 (base 13) to base 7
113
Convert -43 (base 11) to base 9.
-52
Convert 2 (base 9) to base 16.
2
-12 (base 3) to base 7
-5
Convert 7 (base 8) to base 4.
13
5 (base 8) to base 7
5
What is -1 (base 2) in base 10?
-1
What is -1 (base 14) in base 8?
-1
20 (base 7) to base 14
10
What is 2 (base 6) in base 16?
2
-41 (base 5) to base 2
-10101
Convert 5 (base 16) to base 13.
5
Convert 0 (base 7) to base 10.
0
What is 7 (base 16) in base 2?
111
Convert -57 (base 9) to base 14.
-3a
What is 44 (base 5) in base 14?
1a
What is -10001 (base 2) in base 14?
-13
What is -2 (base 10) in base 14?
-2
4 (base 13) to base 2
100
Convert 11 (base 15) to base 10.
16
What is 10 (base 9) in base 3?
100
Convert 13 (base 12) to base 5.
30
21 (base 3) to base 10
7
What is 238 (base 9) in base 8?
305
What is -16 (base 11) in base 8?
-21
Convert -11 (base 5) to base 13.
-6
What is 31 (base 7) in base 2?
10110
Convert -2 (base 10) to base 9.
-2
-1c (base 15) to base 5
-102
-1b (base 13) to base 4
-120
Convert -2 (base 10) to base 3.
-2
Convert -6 (base 10) to base 3.
-20
What is -54 (base 9) in base 6?
-121
What is -120 (base 3) in base 2?
-1111
Convert -3 (base 4) to base 2.
-11
Convert 3b (base 16) to base 2.
111011
What is 112 (base 7) in base 15?
3d
What is 0 (base 2) in base 5?
0
What is 0 (base 16) in base 8?
0
Convert -8 (base 14) to base 6.
-12
Convert 0 (base 7) to base 15.
0
-a (base 16) to base 3
-101
2 (base 4) to base 12
2
Convert -14 (base 9) to base 7.
-16
-7 (base 13) to base 14
-7
Convert -20 (base 9) to base 16.
-12
What is 210 (base 8) in base 5?
1021
-31 (base 7) to base 3
-211
What is 101 (base 10) in base 7?
203
What is 12 (base 7) in base 5?
14
-11 (base 9) to base 16
-a
What is -6 (base 9) in base 16?
-6
Convert 16 (base 12) to base 11.
17
What is -39 (base 10) in base 14?
-2b
-101 (base 3) to base 14
-a
Convert -111 (base 5) to base 12.
-27
Convert -9 (base 14) to base 12.
-9
Convert -110010 (base 3) to base 4.
-11013
1243 (base 6) to base 3
102200
What is -189 (base 10) in base 11?
-162
-c7 (base 14) to base 16
-af
4 (base 7) to base 16
4
What is 0 (base 2) in base 8?
0
-1 (base 5) to base 4
-1
-3 (base 11) to base 9
-3
Convert 15 (base 6) to base 2.
1011
Convert 1b (base 12) to base 9.
25
What is -12 (base 6) in base 11?
-8
10100 (base 2) to base 9
22
What is 101 (base 2) in base 13?
5
What is 10 (base 2) in base 8?
2
1 (base 8) to base 14
1
120 (base 9) to base 13
78
Convert -3f (base 16) to base 15.
-43
Convert -12 (base 8) to base 5.
-20
What is 0 (base 4) in base 9?
0
Convert 14 (base 6) to base 16.
a
Convert -4c (base 13) to base 8.
-100
Convert 183 (base 9) to base 3.
12210
8 (base 13) to base 5
13
What is -12 (base 11) in base 9?
-14
What is 102 (base 4) in base 10?
18
Convert 34 (base 6) to base 8.
26
-2 (base 8) to base 12
-2
Convert -115 (base 14) to base 8.
-327
What is 41 (base 11) in base 10?
45
What is -1241 (base 5) in base 3?
-21021
What is -208 (base 13) in base 4?
-11122
Convert -7 (base 13) to base 16.
-7
What is 1 (base 2) in base 11?
1
What is -9 (base 10) in base 6?
-13
What is -23 (base 5) in base 3?
-111
What is -3 (base 12) in base 13?
-3
What is a3 (base 13) in base 4?
2011
What is 9 (base 15) in base 2?
1001
231 (base 6) to base 14
67
Convert 33 (base 8) to base 16.
1b
1 (base 7) to base 16
1
What is -3 (base 11) in base 6?
-3
Convert 1 (base 10) to base 4.
1
What is -12 (base 4) in base 8?
-6
454 (base 9) to base 2
101110101
What is 0 (base 15) in base 5?
0
What is -23 (base 7) in base 14?
-13
Convert 0 (base 16) to base 7.
0
Convert 55 (base 13) to base 15.
4a
-1 (base 7) to base 15
-1
Convert 20 (base 10) to base 2.
10100
What is 1 (base 4) in base 6?
1
7 (base 12) to base 5
12
Convert 4a (base 12) to base 16.
3a
Convert 10 (base 4) to base 14.
4
1 (base 14) to base 3
1
What is -108 (base 16) in base 10?
-264
Convert 3 (base 10) to base 7.
3
1023 (base 4) to base 7
135
Convert -9 (base 15) to base 16.
-9
Convert 2 (base 14) to base 9.
2
What is 25 (base 16) in base 13?
2b
What is 99 (base 15) in base 4?
2100
-12 (base 3) to base 13
-5
Convert 0 (base 2) to base 8.
0
Convert -324 (base 5) to base 15.
-5e
Convert -241 (base 11) to base 13.
-191
13 (base 12) to base 10
15
What is 0 (base 4) in base 7?
0
Convert -1230 (base 4) to base 12.
-90
2c (base 13) to base 3
1102
1132 (base 5) to base 12
11b
3 (base 5) to base 15
3
-48 (base 12) to base 13
-44
-21 (base 4) to base 15
-9
Convert 3 (base 9) to base 5.
3
-5 (base 16) to base 15
-5
Convert 2 (base 6) to base 14.
2
-6d (base 14) to base 13
-76
Convert 44 (base 11) to base 9.
53
Convert 106 (base 9) to base 11.
7a
What is 281 (base 9) in base 14?
12b
What is -6 (base 16) in base 4?
-12
What is 231 (base 4) in base 14?
33
What is -14 (base 8) in base 11?
-11
2 (base 10) to base 11
2
What is -43 (base 14) in base 11?
-54
What is -2 (base 6) in base 14?
-2
-1022 (base 5) to base 10
-137
-4 (base 11) to base 5
-4
17 (base 15) to base 7
31
What is 16 (base 12) in base 14?
14
Convert -18 (base 16) to base 15.
-19
What is -5 (base 14) in base 13?
-5
What is 3 (base 8) in base 16?
3
13 (base 10) to base 2
1101
11 (base 2) to base 6
3
-542 (base 8) to base 7
-1014
-25 (base 7) to base 16
-13
-33 (base 4) to base 10
-15
0 (base 5) to base 12
0
-6 (base 7) to base 12
-6
Convert -346 (base 9) to base 3.
-101120
2 (base 8) to base 16
2
Convert 64 (base 10) to base 7.
121
Convert -22 (base 3) to base 7.
-11
What is 1102 (base 3) in base 9?
42
Convert 22 (base 8) to base 5.
33
What is -110 (base 2) in base 9?
-6
What is -12 (base 8) in base 3?
-101
What is 1 (base 7) in base 10?
1
Convert -41 (base 7) to base 6.
-45
-222 (base 6) to base 12
-72
Convert 4 (base 15) to base 9.
4
What is 109 (base 10) in base 15?
74
Convert -19 (base 12) to base 3.
-210
-56 (base 10) to base 5
-211
-2 (base 13) to base 15
-2
What is 6 (base 8) in base 9?
6
-1 (base 16) to base 2
-1
Convert 11 (base 12) to base 7.
16
Convert -44 (base 12) to base 13.
-40
Convert -8 (base 13) to base 12.
-8
Convert 16 (base 14) to base 13.
17
0 (base 16) to base 11
0
-386 (base 9) to base 11
-272
What is -1111 (base 2) in base 4?
-33
What is 7f (base 16) in base 2?
1111111
-1 (base 2) to base 10
-1
Convert -36 (base 15) to base 4.
-303
What is -2 (base 3) in base 5?
-2
Convert 4 (base 7) to base 6.
4
Convert -12 (base 13) to base 12.
-13
3a (base 14) to base 9
57
What is 115 (base 8) in base 15?
52
Convert 3a (base 16) to base 5.
213
Convert -10011011 (base 2) to base 8.
-233
4 (base 7) to base 14
4
-15 (base 12) to base 3
-122
What is 2 (base 8) in base 12?
2
Convert 